
What is the tens digit of 88441688?
8
What is the ten millions digit of 92141986?
9
What is the thousands digit of 102368477?
8
What is the thousands digit of 1653328860?
8
What is the ten thousands digit of 1877038204?
3
What is the units digit of 55503167?
7
What is the millions digit of 915940962?
5
What is the ten millions digit of 5204182373?
0
What is the tens digit of 16851347?
4
What is the thousands digit of 136008706?
8
What is the units digit of 15589219?
9
What is the hundreds digit of 1137222?
2
What is the ten thousands digit of 931358055?
5
What is the millions digit of 107538431?
7
What is the ten millions digit of 67804297?
6
What is the units digit of 211817823?
3
What is the tens digit of 5103285129?
2
What is the tens digit of 111772247?
4
What is the units digit of 1112147794?
4
What is the tens digit of 62659403?
0
What is the millions digit of 186286501?
6
What is the thousands digit of 282143163?
3
What is the hundred thousands digit of 55783328?
7
What is the ten thousands digit of 121507547?
0
What is the thousands digit of 70277372?
7
What is the hundred thousands digit of 344936410?
9
What is the millions digit of 510957647?
0
What is the ten thousands digit of 971669502?
6
What is the units digit of 22545413?
3
What is the tens digit of 2383710384?
8
What is the ten thousands digit of 32484299?
8
What is the hundreds digit of 97563487?
4
What is the thousands digit of 2242065398?
5
What is the hundred millions digit of 301900643?
3
What is the ten thousands digit of 3221791792?
9
What is the hundred thousands digit of 160585163?
5
What is the hundred thousands digit of 25014025?
0
What is the tens digit of 7388724?
2
What is the tens digit of 1437188695?
9
What is the tens digit of 388328497?
9
What is the millions digit of 28027776?
8
What is the millions digit of 652241504?
2
What is the millions digit of 19496997?
9
What is the hundred thousands digit of 1762687803?
6
What is the ten thousands digit of 22836551?
3
What is the units digit of 55239894?
4
What is the units digit of 220503082?
2
What is the millions digit of 1795431199?
5
What is the units digit of 45221079?
9
What is the ten thousands digit of 1748707742?
0
What is the hundreds digit of 502733800?
8
What is the ten millions digit of 749447834?
4
What is the hundred thousands digit of 28865949?
8
What is the hundred thousands digit of 7885435057?
4
What is the ten millions digit of 81578438?
8
What is the hundred thousands digit of 78727488?
7
What is the ten thousands digit of 216642952?
4
What is the ten millions digit of 145064755?
4
What is the ten thousands digit of 7641930534?
3
What is the millions digit of 787951577?
7
What is the millions digit of 2180526919?
0
What is the ten millions digit of 24500177?
2
What is the hundred millions digit of 115582301?
1
What is the hundreds digit of 410137501?
5
What is the millions digit of 731602257?
1
What is the hundred millions digit of 1835781089?
8
What is the ten thousands digit of 174737192?
3
What is the billions digit of 1310786654?
1
What is the hundreds digit of 6454280556?
5
What is the millions digit of 3278679772?
8
What is the billions digit of 3235846831?
3
What is the ten millions digit of 7266239255?
6
What is the ten thousands digit of 1184846950?
4
What is the units digit of 2606850358?
8
What is the billions digit of 1711067253?
1
What is the hundred millions digit of 580275703?
5
What is the thousands digit of 3523867044?
7
What is the thousands digit of 84778006?
8
What is the units digit of 23391372?
2
What is the millions digit of 66426703?
6
What is the hundreds digit of 67284542?
5
What is the ten millions digit of 454767858?
5
What is the hundred thousands digit of 610968825?
9
What is the ten millions digit of 775309892?
7
What is the units digit of 420739827?
7
What is the hundred thousands digit of 451233981?
2
What is the ten millions digit of 171132368?
7
What is the tens digit of 91322231?
3
What is the thousands digit of 1230319100?
9
What is the millions digit of 2391440471?
1
What is the tens digit of 224518054?
5
What is the units digit of 5347992637?
7
What is the tens digit of 51640312?
1
What is the hundred millions digit of 5099375359?
0
What is the thousands digit of 93092870?
2
What is the tens digit of 13179671?
7
What is the units digit of 621551041?
1
What is the tens digit of 218555382?
8
What is the ten millions digit of 7368213520?
6
What is the thousands digit of 558892810?
2
What is the thousands digit of 1124734075?
4
What is the tens digit of 2169544?
4
What is the hundreds digit of 5603561?
5
What is the thousands digit of 25510685?
0
What is the units digit of 978017005?
5
What is the ten millions digit of 293006916?
9
What is the millions digit of 992909106?
2
What is the units digit of 91430405?
5
What is the ten millions digit of 560065618?
6
What is the ten millions digit of 80864732?
8
What is the thousands digit of 61259376?
9
What is the hundred millions digit of 147219292?
1
What is the hundred millions digit of 586778087?
5
What is the hundred thousands digit of 276767955?
7
What is the hundred millions digit of 498032782?
4
What is the ten thousands digit of 531502372?
0
What is the billions digit of 2467918102?
2
What is the ten thousands digit of 1553171700?
7
What is the ten thousands digit of 900405509?
0
What is the tens digit of 32953842?
4
What is the hundred millions digit of 2545367116?
5
What is the hundred thousands digit of 7542328630?
3
What is the hundred thousands digit of 174063347?
0
What is the thousands digit of 83536797?
6
What is the tens digit of 14466705?
0
What is the units digit of 45815079?
9
What is the tens digit of 1582078760?
6
What is the hundreds digit of 918252570?
5
What is the hundred millions digit of 407808607?
4
What is the tens digit of 48177923?
2
What is the units digit of 56307487?
7
What is the thousands digit of 1691937088?
7
What is the thousands digit of 2427999161?
9
What is the hundred thousands digit of 162192377?
1
What is the thousands digit of 217043963?
3
What is the ten thousands digit of 99763487?
6
What is the hundreds digit of 1582956786?
7
What is the millions digit of 17616093?
7
What is the millions digit of 1553939714?
3
What is the hundred thousands digit of 407882704?
8
What is the hundred millions digit of 2873978552?
8
What is the ten thousands digit of 13139111?
3
What is the hundreds digit of 96718793?
7
What is the ten thousands digit of 3945250?
4
What is the thousands digit of 9085904?
5
What is the tens digit of 2080038450?
5
What is the hundred thousands digit of 103836249?
8
What is the millions digit of 30221460?
0
What is the millions digit of 488376848?
8
What is the thousands digit of 37263592?
3
What is the tens digit of 693462299?
9
What is the hundred millions digit of 2973068912?
9
What is the tens digit of 29666621?
2
What is the hundreds digit of 181759205?
2
What is the units digit of 2321575314?
4
What is the units digit of 27401385?
5
What is the ten thousands digit of 32624503?
2
What is the hundreds digit of 28937276?
2
What is the tens digit of 26442318?
1
What is the tens digit of 295046289?
8
What is the ten thousands digit of 24750431?
5
What is the tens digit of 131399033?
3
What is the ten thousands digit of 1132109257?
0
What is the ten thousands digit of 2019580840?
8
What is the units digit of 34038902?
2
What is the millions digit of 29620363?
9
What is the ten thousands digit of 225267856?
6
What is the tens digit of 666313316?
1
What is the millions digit of 13356637?
3
What is the thousands digit of 1130723335?
3
What is the ten millions digit of 177015523?
7
What is the units digit of 43227479?
9
What is the hundreds digit of 207339028?
0
What is the units digit of 38343160?
0
What is the hundred thousands digit of 51568727?
5
What is the millions digit of 2476992266?
6
What is the ten millions digit of 488319664?
8
What is the hundred millions digit of 310594962?
3
What is the ten thousands digit of 40633873?
3
What is the ten thousands digit of 920817035?
1
What is the ten millions digit of 358908052?
5
What is the tens digit of 4288902245?
4
What is the tens digit of 59109919?
1
What is the billions digit of 2855227264?
2
What i